
What is -11 + (40 - 6) + -195 + 100?
-72
What is the value of -51 + -1 - ((-68 - -91) + -14)?
-61
What is 83 + 105 + -20 - 94?
74
What is the value of 702 + -796 - (0 + -81)?
-13
Evaluate -21 + (2 - (3 - 34)) + 1132 + -1116.
28
4 - ((-12 - (10 + -17 + -60)) + -18)
-33
What is 7 - ((-23 - -10) + 63 - (2 + 8))?
-33
Evaluate (9 - (-17 + 21)) + (49 - 0 - (92 - 87)).
49
Evaluate 74 - ((2 - (-9 + 5)) + -7 + 3) - -12.
84
Calculate 8 + (88 - 56) + 21.
61
Evaluate -46 - (-19 - 60 - 2).
35
Calculate -1 - 88 - (33 - (108 - 78)) - (1 - 10).
-83
Calculate (34 - (-5 - -26)) + 80 + -22.
71
4 + -27 + 98 + -98
-23
What is 225 - 519 - -335 - (-20 + -1 + 2)?
60
Evaluate (540 - 573) + 44 + -2.
9
What is the value of 4 - (-5 + -4 + 2) - (23 + -31)?
19
(-16 + 1 - 1) + 13857 + -13890
-49
What is -8 + -11 - (17 + -63 + 13)?
14
83 - (51 + -20 - -14)
38
Evaluate 39 + (3 - (2 + -14 + 25)) + 0.
29
42 - ((-3 + 12 - -1) + (-37 - -25))
44
What is the value of 15 - (-15 + 0 + -6 + 41) - -63?
58
Calculate -57 - (-16 + -29 + 22).
-34
Evaluate 56 + -1 + 0 + -8 + (1 - -17).
65
What is the value of -12 + (-2 + 8 - 36)?
-42
Evaluate -39 - (5 + -72 + 0).
28
(-11 + 5 - -1 - (49 - 60)) + 1 + 14
21
What is (-5 - (0 + -2 + 7)) + (31 - -35)?
56
What is the value of 14 - (8 + 20 + 11 - 18)?
-7
Evaluate -44 - -24 - (-1 - 12) - 5 - -37.
25
-62 + 17 + 75 + 42
72
What is the value of 0 + 0 + (-21 - -31 - (-12 + 26)) + -1?
-5
Calculate (4 - 25) + (-13 - (17 - 58)).
7
20 - (-9 + 21 - 16 - -20)
4
Evaluate -6 + -12 - -6 - (38 - -36 - 28).
-58
Calculate (-75 - (63 - 67)) + 63.
-8
Calculate -28 + 24 + (19 - -118) + -33.
100
Evaluate -58 + (69 - 38 - (9 + -3)).
-33
What is 78 - (-5 - 18 - -22 - -17)?
62
Calculate -2 + 67 + -166 + 145 + (0 - -35).
79
-17 + (-12 + 6 + 20 - 1) + (-13 - -2)
-15
What is the value of 2 + (0 - 2 - -26) + 256 + -254?
28
Evaluate 26 + (-33 + 1 - (357 + -372)).
9
Calculate (3 - 25) + 57 + -74 + 139.
100
31 + -32 + 25 + -12 + 3 + -17
-2
Calculate (76 - (-5 + 171)) + (-2 - (-1 + -17) - 1).
-75
Evaluate (0 - 1) + -37 - (-13 + -32 + 61 - 27).
-27
265 + -116 - 244 - (19 - 1)
-113
What is the value of 54 + -45 + (-1 + -10 - -6) - 26?
-22
What is the value of (2 + (-17 - -9) - -19) + -60 + 107?
60
What is (-775 - -734) + -1 + 10?
-32
Evaluate -1 - -29 - (-23 + 20 + 21).
10
What is 174 + -131 + (45 - 2)?
86
Evaluate 68 + -2 + 969 + -1033.
2
What is the value of (-40 + 21 + -2 - -42) + 17?
38
Calculate (19 - (-15 + 5 + 49)) + 55.
35
21 - (-9 + 26 + -7 + -12)
23
What is the value of (9 - ((-35 - 2) + 34)) + -62 + -1 + 1?
-50
Calculate (-134 - -95 - 13) + -75.
-127
What is -12 + (124 - 6 - 156)?
-50
110 + 3 + -10 - (-26 + -4 + 15 + 4)
114
What is the value of 5 - ((8 - -4 - -6) + 5) - -7 - 24?
-35
What is the value of (-1 - -1) + (-14 - -6) - (-59 - -27)?
24
What is the value of (1101258 - 1101398) + -1 + (-1 - -2) + 20?
-120
What is (-21 - (14 - 23)) + (7 - 7) + 51?
39
-34 + (-21 - (9 - 80)) + -67
-51
What is the value of (9 - (23 - (17 + 8))) + -7 - (-35 - 1)?
40
What is the value of 79 + (253 - 279 - (2 - 30))?
81
Evaluate (-31 - 2) + -2 + (39 - -12) + -54 + -9.
-47
Evaluate 9 - -1 - (14 + (-3 + 10 - -17)).
-28
Calculate -11 - (75 + -29) - -72.
15
Calculate (102 - -1) + -14 + 20 + 18 + 0.
127
Evaluate 100 + -37 + 19 + 27 + -3 + 0 + 8.
114
57 + 5 + (-72 - -104)
94
Calculate (64 - 143) + (25 + -32 - (2 + 0 + -7)).
-81
What is 36 + 4 + 3 + (6 - 11) + -1 + -3?
34
107 + (1 + 16 + -69 - -31)
86
What is the value of (81 - -2) + -44 - (21 + 0)?
18
46 - (9 - (39 - 34))
42
(1542 - 1525) + 5 + -8 + 10
24
What is 8 - ((57 - 74) + (2 - -2))?
21
What is 2 + 21 + -96 + 171 + -178?
-80
What is (0 - 3) + 31 + -35 + 48?
41
Calculate (-4 - 66 - (-78 + 29)) + -10 + 1.
-30
Evaluate -5 + (2 - (-1 - -3) - (-12 + (67 - 14))).
-46
Evaluate (1 - 29) + (-8 + -3 - (-690 - -676)).
-25
-21 + -10 + -16 + 11 - (4 + -20)
-20
95 - (61 - 26 - -20)
40
What is the value of 59 + -72 + 0 + 11 - (3 - 8)?
3
Calculate -14 - (1 - -10) - -19 - 31.
-37
Calculate (-48 - -3) + (173 + -53 - -55).
130
Evaluate -30 + -1 + 41 + 622 + -602.
30
What is the value of 8 - -8 - ((-9 + 26 - 8) + 13)?
-6
Evaluate 18 - ((22 - 1 - 40) + 5).
32
Evaluate 1 + -23 + (-69 + 69 - (7 - (-17 + 33))).
-13
Evaluate (52 - (121 - 25)) + 56.
12
What is the value of -27 - ((27 - 5) + -5 - 5)?
-39
What is the value of 0 + -15 - ((-62 - -125) + 31)?
-109
Evaluate 49 - (8 - ((-11 - -10) + -4 + 5 + 2)).
43
Evaluate (0 - 3 - -57) + (-27 + 16 - -1).
44
Evaluate 13 - (-12 + 31) - (43 - 32).
-17
Evaluate 21 - (-2 + 11) - 10 - (32 - 5).
-25
Evaluate (15 - 52) + 96 + (1 - -1) + (-10 - -11).
62
-50 + 0 - ((-100 - -254) + -136)
-68
7 - (-1091 - -1098 - (0 + -3 - (1 + 89)))
-93
Evaluate -35 + 11 - (-11 - (7 - 44)).
-50
What is -18 - (9 + (6 - 33) + -55) - 11?
44
What is -23 + 4 - ((-16 - -14) + -24)?
7
Calculate 44 - 3 - (34 + -50 + 105).
-48
Evaluate (133 + -29 - -7) + 11 - (-4 - -6).
120
Calculate -10 + (-40 + -51 + 89 - (-1 - 55) - 3).
41
Calculate (58 - 23 - 38) + -3.
-6
Evaluate (-65 - (53 - 155)) + -4.
33
Evaluate 1 + 3 + -3 + (-28 - (9 - (-36 - 3))).
-75
What is the value of (-3 - 14 - 2) + 791 + -789?
-17
What is -3 + 3 + 5 + (-10 + -3 + 14 - -6)?
12
34 - (58 - (54 + -17))
13
What is the value of 15 - (6 + -1 - -34 - (-11 - (29 + -36)))?
-28
What is -2 + ((0 - (4 - 7)) + -4 - 3 - -5)?
-1
Calculate 22 + (1 + 3 - 7) + (0 - -8).
27
What is -13 - (24 - (-42 + 87))?
8
Evaluate (35 - (-1 - (-11 + 17))) + (-3 - 7).
32
What is the value of -13 + (0 - (-14 + 6)) - (34 + -1)?
-38
Evaluate -38 + 11 + (-14 - (-9 + 18)).
-50
What is (-25 - -55) + -59 - -44?
15
Calculate (0 - -17 - (141 - 103)) + -17.
-38
(-1 - 46) + (0 - 35) + (3288 - 3271)
-65
What is the value of 106 - (109 - -59) - (-1 + -21)?
-40
Evaluate (-2 - 0) + (-6 - (-38 + 43)) + -42.
-55
Evaluate (1 + (9 - (-7 + 11)) - -7) + -5.
8
What is the value of 809 + -826 + 0 + -19?
-36
Calculate -48 + (-10 - (28 + -107 - -37)).
-16
What is the value of (129 - (66 - -35)) + (-4 - -1)?
25
Evaluate -20 + -100 + 105 - (0 + -60).
45
Evaluate 2 + 1 + (9 + -1 + -4 - (0 - -14)).
-7
-11 + 10 + 2 + -52 + 25
-26
Evaluate 137 - 34 - (46 - 0).
57
Evaluate 16 - (-14 + -4 + 27 + 58).
-51
Evaluate 54 - (112 + (-50 - 8)).
0
Calculate 98 - (11 - (3 - 170)).
-80
(-1730 - -1748) + (-1 - -13 - (3 - 2))
29
What is the value of 2 + 5 - (61 - ((12 - 2) + 5))?
-39
Evaluate -1 + 28 + -98 + 81.
10
(3 - (11 - (-2 + 5)) - -14) + -2 - 94
-87
Calculate -599 - -585 - ((1 - 5) + (4 - 8)).
-6
What is the value of 3 + (7 - -4) + (-38 - -30) + (2 - -4)?
12
Calculate 29 - (-31 + 79 - 33) - (-50 - (-5 + 4)).
63
Calculate 25 + 1 + 49 + 42 + -102.
15
-38 + (-4 - -7) - (-10 - (-12 + 2 + 5))
-30
What is -1 + -2 + -22 + -1 + -9?
-35
What is (94 - (-2 - (-17 - -4))) + (-11 - (-9 - -12))?
69
Evaluate -22 + (-15 - (-11 + (9 - 21))).
-14
What is the value of 60 + -10 - (-139 - -208)?
-19
What is -4 - (-14 - (-45 - (37 + -23)))?
-49
What is 26 - (-22 + 29 + 6) - 8?
5
-3 + 6 + 17 + (2238 - 2230)
28
Calculate -3 - 44 - (486 - 511).
-22
Calculate (-9 - -7) + (-2 + 2 - ((7 - 12) + 9)).
-6
Calculate -17 + (44 - 24) - (15 + -2 + -32).
22
What is (-21 - -2) + -1067 + 1101?
15
Evaluate (-18 - -3 - 9) + (3 - 15) + -4.
-40
What is the value of (-13 + 2 - -2) + (47 - -40) + -92?
-14
(-60 - 11) + 17 + 12 - (8 + -8)
-42
-30 + -12 + 29 + 4
-9
Evaluate (20 - ((-10 - 2) + -10)) + -1 + (9 - -2).
52
Evaluate -50 + 1 - (-88 + 116 - (-6 + 16)).
-67
Calculate 7 + -16 + (-41 - -31 - 42).
-61
9 + 16 + (-9 - (11 - 17)) + 17
39
1166 + -1145 + (1 + 3 - 4 - 47)
-26
Evaluate -59 + -2 - (0 + -30 - (-1503 + 1490)).
-44
Calculate (-62 - -24) + (-11 - -23).
-26
Evaluate 151 + -4 + 11 + -83.
75
Evaluate (142 - 135) + (24 - (6 - 1)).
26
-26 + (-28 - (-15 + -18)) + -31
-52
What is the value of 17 + -116 + 48 + -36?
-87
Evaluate 1 + -1 - (1084 + -1056).
-28
What is (-64 - -24) + (6 - (-8 + 2))?
-28
What is the value of 114 - (76 - (53 - -34))?
125
Evaluate (3 - 22) + 1143 + -1100.
24
0 + 3 + (-36 - (-51 + 25))
-7
What is the value of (-1 - -135) + 210 + -49 + -191?
104
Calculate 5 - ((4 - (-9 + 6 - -7)) + 25).
-20
Evaluate -1 + (0 - 2) + (52 - (-35 - -9 - -11)).
64
What is the value of (-19 + (1 - -6) - -36) + -4?
20
5 + -13 + (21 - (3 + -2 - -7))
5
What is (139 - 3) + (-406 - -335)?
65
What is 42 